{"id":28,"date":"2012-11-17T10:41:23","date_gmt":"2012-11-17T09:41:23","guid":{"rendered":"http:\/\/kommentiert.at\/?page_id=28"},"modified":"2021-01-12T10:25:01","modified_gmt":"2021-01-12T09:25:01","slug":"2002-kommentiert","status":"publish","type":"page","link":"https:\/\/kommentiert.at\/?page_id=28","title":{"rendered":"2002.kommentiert"},"content":{"rendered":"<h4>Man liest sich&#8230;<\/h4>\n<p>Ein Jahr zuvor setzten Christoph Weiermair und Andreas Lindinger die Idee um, abwechselnd jede Woche zu einem brisanten Thema in Form eines Essays Stellung zu nehmen. Das Resultat war &#8222;Essays 2001&#8220;. Als wir Ende 2001 ein 60seitiges Gesamtwerk in H\u00e4nden hielten, es \u00fcber zehn Mal an den Mann \/ die Frau brachten und positive R\u00fcckmeldungen von \u00f6sterreichischen Journalisten wie Daniel Glattauer oder G\u00fcnther Traxler erhielten, beschlossen wir ohne langes Z\u00f6gern, das Projekt fortzusetzen.<\/p>\n<p>In neuer Form: Zus\u00e4tzlich zu den bew\u00e4hrten Essays erterten wir unser Angebot durch kurze Glossen als stark meinungsbezogene, am\u00fcsante und sprachlich pr\u00e4gnante Elemente. Neben Politik sollten ab nun auch Gesellschaftskritik, Zeitgeist, Wirtschaft, Medien und Kultur inhaltlich eine bedeutendere Rolle spielen, 2002.kommentiert zu dem werden lassen, was schon der Titel verraten mag &#8211; zu einem Jahresr\u00fcckblick, der nicht nur Fakten vermittelt, sondern kritisch zur Meinungsbildung anregt.<\/p>\n<p>Anfang 2003 hielten unsere treuen Leserinnen und Leser wiederum einen Jahresr\u00fcckblick in H\u00e4nden und besa\u00dfen damit ein Kompendium mit allen Essays, allen Glossen und einigen der besten Kommentare, die wir in den interessanten, anstrengenden und unterhaltsamen 52 Wochen des Jahres 2002 verfassen durften. Dieser Jahresr\u00fcckblick soll au\u00dferdem ein \u00fcber das ganze Jahr 2002 spannendes und erfolgreiches Projekt abschlie\u00dfen, das vor allem auch auf seiner Website dank vieler treuer Besucher, die sich auch mit ihren Gastkommentaren und G\u00e4stebucheintr\u00e4gen zu Wort gemeldet haben, gro\u00dfen Anklang gefunden hat.<\/p>\n<h4>zwischen.bilanz &#8211; Die Lesung in Schlierbach<\/h4>\n<p>Am 21. September 2002 war es soweit. Wir durften im Rahmen einer Lesung der <a title=\"Literarische Nahversorger\" href=\"http:\/\/literarischenahversorger.at\/\" target=\"_blank\" rel=\"noopener\">Literarischen Nahversorger der Gemeinde Schlierbach<\/a> unser Projekt in Form einiger unserer besten und unterhaltsamsten Texte vorstellen. Untermalt wurde die gut einst\u00fcndige Lesung von einer Multimedia-Pr\u00e4sentation samt Musik. Auch die anschlie\u00dfende Diskussion mit Fragen \u00fcber das Projekt, unsere Einstellung, unsere Ziele und weitere Themen war f\u00fcr uns beide und sicherlich auch f\u00fcr die Lesungsbesucher von gro\u00dfem Interesse.<\/p>\n<p>An dieser Stelle m\u00f6chten wir uns daher recht herzlich f\u00fcr das zahlreiche Kommen vor allem unserer treuen Besucher, Freunde und Bekannten sowie aller anderen G\u00e4ste bedanken und freuen uns \u00fcber die durchwegs positiven R\u00fcckmeldungen und die Anerkennung sowie das Lob f\u00fcr die Lesung und das Projekt &#8222;2002.kommentiert&#8220;. Unser besonderer Dank gilt den Literarischen Nahversorgern rund um den leider viel zu fr\u00fch von uns gegangenen Bernhard Samitz und Gerhard Stiftinger, die uns die M\u00f6glichkeit dieser Lesung gegeben haben und mit denen wir im Rahmen der Lesung und Lesungsvorbereitungen sehr gut zusammengearbeitet haben.<\/p>\n<p>Hier gibt es den Videomitschnitt der Lesung:<\/p>\n<p><iframe loading=\"lazy\" src=\"http:\/\/www.youtube.com\/embed\/g3-gc6L71VE\" width=\"480\" height=\"360\" frameborder=\"0\" allowfullscreen=\"allowfullscreen\"><\/iframe><\/p>\n<p>Anbei noch einige Fotos von unserer Lesung:<\/p>\n\n\t\t<style type=\"text\/css\">\n\t\t\t#gallery-1 {\n\t\t\t\tmargin: auto;\n\t\t\t}\n\t\t\t#gallery-1 .gallery-item {\n\t\t\t\tfloat: left;\n\t\t\t\tmargin-top: 10px;\n\t\t\t\ttext-align: center;\n\t\t\t\twidth: 14%;\n\t\t\t}\n\t\t\t#gallery-1 img {\n\t\t\t\tborder: 2px solid #cfcfcf;\n\t\t\t}\n\t\t\t#gallery-1 .gallery-caption {\n\t\t\t\tmargin-left: 0;\n\t\t\t}\n\t\t\t\/* see gallery_shortcode() in wp-includes\/media.php *\/\n\t\t<\/style>\n\t\t<div id='gallery-1' class='gallery galleryid-28 gallery-columns-7 gallery-size-thumbnail'><dl class='gallery-item'>\n\t\t\t<dt class='gallery-icon portrait'>\n\t\t\t\t<a href='https:\/\/kommentiert.at\/wp-content\/uploads\/2012\/11\/PICT0001.jpg'><img loading=\"lazy\" decoding=\"async\" width=\"150\" height=\"150\" src=\"https:\/\/kommentiert.at\/wp-content\/uploads\/2012\/11\/PICT0001-150x150.jpg\" class=\"attachment-thumbnail size-thumbnail\" alt=\"\" \/><\/a>\n\t\t\t<\/dt><\/dl><dl class='gallery-item'>\n\t\t\t<dt class='gallery-icon portrait'>\n\t\t\t\t<a href='https:\/\/kommentiert.at\/wp-content\/uploads\/2012\/11\/PICT0008.jpg'><img loading=\"lazy\" decoding=\"async\" width=\"150\" height=\"150\" src=\"https:\/\/kommentiert.at\/wp-content\/uploads\/2012\/11\/PICT0008-150x150.jpg\" class=\"attachment-thumbnail size-thumbnail\" alt=\"\" \/><\/a>\n\t\t\t<\/dt><\/dl><dl class='gallery-item'>\n\t\t\t<dt class='gallery-icon landscape'>\n\t\t\t\t<a href='https:\/\/kommentiert.at\/wp-content\/uploads\/2012\/11\/PICT0011.jpg'><img loading=\"lazy\" decoding=\"async\" width=\"150\" height=\"150\" src=\"https:\/\/kommentiert.at\/wp-content\/uploads\/2012\/11\/PICT0011-150x150.jpg\" class=\"attachment-thumbnail size-thumbnail\" alt=\"\" \/><\/a>\n\t\t\t<\/dt><\/dl><dl class='gallery-item'>\n\t\t\t<dt class='gallery-icon portrait'>\n\t\t\t\t<a href='https:\/\/kommentiert.at\/wp-content\/uploads\/2012\/11\/PICT0017.jpg'><img loading=\"lazy\" decoding=\"async\" width=\"150\" height=\"150\" src=\"https:\/\/kommentiert.at\/wp-content\/uploads\/2012\/11\/PICT0017-150x150.jpg\" class=\"attachment-thumbnail size-thumbnail\" alt=\"\" \/><\/a>\n\t\t\t<\/dt><\/dl><dl class='gallery-item'>\n\t\t\t<dt class='gallery-icon portrait'>\n\t\t\t\t<a href='https:\/\/kommentiert.at\/wp-content\/uploads\/2012\/11\/PICT0018.jpg'><img loading=\"lazy\" decoding=\"async\" width=\"150\" height=\"150\" src=\"https:\/\/kommentiert.at\/wp-content\/uploads\/2012\/11\/PICT0018-150x150.jpg\" class=\"attachment-thumbnail size-thumbnail\" alt=\"\" \/><\/a>\n\t\t\t<\/dt><\/dl><dl class='gallery-item'>\n\t\t\t<dt class='gallery-icon landscape'>\n\t\t\t\t<a href='https:\/\/kommentiert.at\/wp-content\/uploads\/2012\/11\/PICT0022.jpg'><img loading=\"lazy\" decoding=\"async\" width=\"150\" height=\"150\" src=\"https:\/\/kommentiert.at\/wp-content\/uploads\/2012\/11\/PICT0022-150x150.jpg\" class=\"attachment-thumbnail size-thumbnail\" alt=\"\" \/><\/a>\n\t\t\t<\/dt><\/dl><dl class='gallery-item'>\n\t\t\t<dt class='gallery-icon landscape'>\n\t\t\t\t<a href='https:\/\/kommentiert.at\/wp-content\/uploads\/2012\/11\/PICT0044.jpg'><img loading=\"lazy\" decoding=\"async\" width=\"150\" height=\"150\" src=\"https:\/\/kommentiert.at\/wp-content\/uploads\/2012\/11\/PICT0044-150x150.jpg\" class=\"attachment-thumbnail size-thumbnail\" alt=\"\" \/><\/a>\n\t\t\t<\/dt><\/dl><br style=\"clear: both\" \/>\n\t\t<\/div>\n\n<h4>2002.kommentiert in Wien<\/h4>\n<p>Wien war bei 2002.kommentiert nat\u00fcrlich regelm\u00e4\u00dfig ein Thema, von der Politik bis zum Fu\u00dfball. Mitte Mai 2002 begab sich das Duo von 2002.kommentiert daher f\u00fcr ein Wochenende in die Bundeshauptstadt Wien, um die Stadt zu erkunden, Sehensw\u00fcrdigkeiten zu besuchen, Eindr\u00fccke zu sammeln, die Wiener Cafehauskultur zu genie\u00dfen und Bekannte zu treffen.<\/p>\n<p>Anbei einige fotografische Eindr\u00fccke unseres Wien-Ausflugs:<\/p>\n\n\t\t<style type=\"text\/css\">\n\t\t\t#gallery-2 {\n\t\t\t\tmargin: auto;\n\t\t\t}\n\t\t\t#gallery-2 .gallery-item {\n\t\t\t\tfloat: left;\n\t\t\t\tmargin-top: 10px;\n\t\t\t\ttext-align: center;\n\t\t\t\twidth: 14%;\n\t\t\t}\n\t\t\t#gallery-2 img {\n\t\t\t\tborder: 2px solid #cfcfcf;\n\t\t\t}\n\t\t\t#gallery-2 .gallery-caption {\n\t\t\t\tmargin-left: 0;\n\t\t\t}\n\t\t\t\/* see gallery_shortcode() in wp-includes\/media.php *\/\n\t\t<\/style>\n\t\t<div id='gallery-2' class='gallery galleryid-28 gallery-columns-7 gallery-size-thumbnail'><dl class='gallery-item'>\n\t\t\t<dt class='gallery-icon landscape'>\n\t\t\t\t<a href='https:\/\/kommentiert.at\/?attachment_id=118'><img loading=\"lazy\" decoding=\"async\" width=\"150\" height=\"150\" src=\"https:\/\/kommentiert.at\/wp-content\/uploads\/2012\/11\/PICT0002-150x150.jpg\" class=\"attachment-thumbnail size-thumbnail\" alt=\"\" \/><\/a>\n\t\t\t<\/dt><\/dl><dl class='gallery-item'>\n\t\t\t<dt class='gallery-icon portrait'>\n\t\t\t\t<a href='https:\/\/kommentiert.at\/?attachment_id=119'><img loading=\"lazy\" decoding=\"async\" width=\"150\" height=\"150\" src=\"https:\/\/kommentiert.at\/wp-content\/uploads\/2012\/11\/PICT0003-150x150.jpg\" class=\"attachment-thumbnail size-thumbnail\" alt=\"\" \/><\/a>\n\t\t\t<\/dt><\/dl><dl class='gallery-item'>\n\t\t\t<dt class='gallery-icon landscape'>\n\t\t\t\t<a href='https:\/\/kommentiert.at\/?attachment_id=120'><img loading=\"lazy\" decoding=\"async\" width=\"150\" height=\"150\" src=\"https:\/\/kommentiert.at\/wp-content\/uploads\/2012\/11\/PICT0039-150x150.jpg\" class=\"attachment-thumbnail size-thumbnail\" alt=\"\" \/><\/a>\n\t\t\t<\/dt><\/dl><dl class='gallery-item'>\n\t\t\t<dt class='gallery-icon landscape'>\n\t\t\t\t<a href='https:\/\/kommentiert.at\/?attachment_id=121'><img loading=\"lazy\" decoding=\"async\" width=\"150\" height=\"150\" src=\"https:\/\/kommentiert.at\/wp-content\/uploads\/2012\/11\/PICT0064-150x150.jpg\" class=\"attachment-thumbnail size-thumbnail\" alt=\"\" \/><\/a>\n\t\t\t<\/dt><\/dl><dl class='gallery-item'>\n\t\t\t<dt class='gallery-icon portrait'>\n\t\t\t\t<a href='https:\/\/kommentiert.at\/?attachment_id=122'><img loading=\"lazy\" decoding=\"async\" width=\"150\" height=\"150\" src=\"https:\/\/kommentiert.at\/wp-content\/uploads\/2012\/11\/PICT0072-150x150.jpg\" class=\"attachment-thumbnail size-thumbnail\" alt=\"\" \/><\/a>\n\t\t\t<\/dt><\/dl><dl class='gallery-item'>\n\t\t\t<dt class='gallery-icon landscape'>\n\t\t\t\t<a href='https:\/\/kommentiert.at\/?attachment_id=123'><img loading=\"lazy\" decoding=\"async\" width=\"150\" height=\"150\" src=\"https:\/\/kommentiert.at\/wp-content\/uploads\/2012\/11\/PICT0075-150x150.jpg\" class=\"attachment-thumbnail size-thumbnail\" alt=\"\" \/><\/a>\n\t\t\t<\/dt><\/dl><dl class='gallery-item'>\n\t\t\t<dt class='gallery-icon portrait'>\n\t\t\t\t<a href='https:\/\/kommentiert.at\/?attachment_id=124'><img loading=\"lazy\" decoding=\"async\" width=\"150\" height=\"150\" src=\"https:\/\/kommentiert.at\/wp-content\/uploads\/2012\/11\/PICT0076-150x150.jpg\" class=\"attachment-thumbnail size-thumbnail\" alt=\"\" \/><\/a>\n\t\t\t<\/dt><\/dl><br style=\"clear: both\" \/>\n\t\t<\/div>\n\n<h4>Die Printausgabe<\/h4>\n<p>Am Jahresende wurden die jeweils 52 Essays und Glossen samt einem Jahresr\u00fcckblick in einer Printausgabe abgedruckt.<\/p>\n<p><code><\/code><\/p>\n<p><![if !IE]><iframe loading=\"lazy\" src=\"http:\/\/docs.google.com\/viewer?url=http%3A%2F%2Fkommentiert.at%2Fwp-content%2Fuploads%2F2012%2F11%2F2002kommentiert.pdf&amp;embedded=true\" class=\"pdf\" frameborder=\"0\" style=\"height:960px;width:640px;border:0\" width=\"640\" height=\"960\"><\/iframe><![endif]><!--[if IE]><object width=\"640\" height=\"960\" type=\"application\/pdf\" data=\"http:\/\/kommentiert.at\/wp-content\/uploads\/2012\/11\/2002kommentiert.pdf\" class=\"pdf ie\">\n \n<div style=\"width:640;height:960;text-align:center;background:#fff;color:#000;margin:0;border:0;padding:0\">Unable to display PDF<br \/><a href=\"http:\/\/kommentiert.at\/wp-content\/uploads\/2012\/11\/2002kommentiert.pdf\">Click here to download<\/a><\/div>\n \n<\/object><![endif]--><\/p>\n<p><code><\/code><\/p>\n","protected":false},"excerpt":{"rendered":"<p>Man liest sich&#8230; Ein Jahr zuvor setzten Christoph Weiermair und Andreas Lindinger die Idee um, abwechselnd jede Woche zu einem brisanten Thema in Form eines Essays Stellung zu nehmen. Das Resultat war &#8222;Essays 2001&#8220;. Als wir Ende 2001 ein 60seitiges Gesamtwerk in H\u00e4nden hielten, es \u00fcber zehn Mal an den Mann \/ die Frau brachten [&hellip;]<\/p>\n","protected":false},"author":1,"featured_media":0,"parent":12,"menu_order":4,"comment_status":"open","ping_status":"open","template":"","meta":{"footnotes":""},"class_list":["post-28","page","type-page","status-publish","hentry"],"_links":{"self":[{"href":"https:\/\/kommentiert.at\/index.php?rest_route=\/wp\/v2\/pages\/28","targetHints":{"allow":["GET"]}}],"collection":[{"href":"https:\/\/kommentiert.at\/index.php?rest_route=\/wp\/v2\/pages"}],"about":[{"href":"https:\/\/kommentiert.at\/index.php?rest_route=\/wp\/v2\/types\/page"}],"author":[{"embeddable":true,"href":"https:\/\/kommentiert.at\/index.php?rest_route=\/wp\/v2\/users\/1"}],"replies":[{"embeddable":true,"href":"https:\/\/kommentiert.at\/index.php?rest_route=%2Fwp%2Fv2%2Fcomments&post=28"}],"version-history":[{"count":12,"href":"https:\/\/kommentiert.at\/index.php?rest_route=\/wp\/v2\/pages\/28\/revisions"}],"predecessor-version":[{"id":211,"href":"https:\/\/kommentiert.at\/index.php?rest_route=\/wp\/v2\/pages\/28\/revisions\/211"}],"up":[{"embeddable":true,"href":"https:\/\/kommentiert.at\/index.php?rest_route=\/wp\/v2\/pages\/12"}],"wp:attachment":[{"href":"https:\/\/kommentiert.at\/index.php?rest_route=%2Fwp%2Fv2%2Fmedia&parent=28"}],"curies":[{"name":"wp","href":"https:\/\/api.w.org\/{rel}","templated":true}]}}

<h4>Man liest sich&#8230;</h4>
<p>Ein Jahr zuvor setzten Christoph Weiermair und Andreas Lindinger die Idee um, abwechselnd jede Woche zu einem brisanten Thema in Form eines Essays Stellung zu nehmen. Das Resultat war &#8222;Essays 2001&#8220;. Als wir Ende 2001 ein 60seitiges Gesamtwerk in Händen hielten, es über zehn Mal an den Mann / die Frau brachten und positive Rückmeldungen von österreichischen Journalisten wie Daniel Glattauer oder Günther Traxler erhielten, beschlossen wir ohne langes Zögern, das Projekt fortzusetzen.</p>
<p>In neuer Form: Zusätzlich zu den bewährten Essays erterten wir unser Angebot durch kurze Glossen als stark meinungsbezogene, amüsante und sprachlich prägnante Elemente. Neben Politik sollten ab nun auch Gesellschaftskritik, Zeitgeist, Wirtschaft, Medien und Kultur inhaltlich eine bedeutendere Rolle spielen, 2002.kommentiert zu dem werden lassen, was schon der Titel verraten mag &#8211; zu einem Jahresrückblick, der nicht nur Fakten vermittelt, sondern kritisch zur Meinungsbildung anregt.</p>
<p>Anfang 2003 hielten unsere treuen Leserinnen und Leser wiederum einen Jahresrückblick in Händen und besaßen damit ein Kompendium mit allen Essays, allen Glossen und einigen der besten Kommentare, die wir in den interessanten, anstrengenden und unterhaltsamen 52 Wochen des Jahres 2002 verfassen durften. Dieser Jahresrückblick soll außerdem ein über das ganze Jahr 2002 spannendes und erfolgreiches Projekt abschließen, das vor allem auch auf seiner Website dank vieler treuer Besucher, die sich auch mit ihren Gastkommentaren und Gästebucheinträgen zu Wort gemeldet haben, großen Anklang gefunden hat.</p>
<h4>zwischen.bilanz &#8211; Die Lesung in Schlierbach</h4>
<p>Am 21. September 2002 war es soweit. Wir durften im Rahmen einer Lesung der <a title="Literarische Nahversorger" href="http://literarischenahversorger.at/" target="_blank" rel="noopener">Literarischen Nahversorger der Gemeinde Schlierbach</a> unser Projekt in Form einiger unserer besten und unterhaltsamsten Texte vorstellen. Untermalt wurde die gut einstündige Lesung von einer Multimedia-Präsentation samt Musik. Auch die anschließende Diskussion mit Fragen über das Projekt, unsere Einstellung, unsere Ziele und weitere Themen war für uns beide und sicherlich auch für die Lesungsbesucher von großem Interesse.</p>
<p>An dieser Stelle möchten wir uns daher recht herzlich für das zahlreiche Kommen vor allem unserer treuen Besucher, Freunde und Bekannten sowie aller anderen Gäste bedanken und freuen uns über die durchwegs positiven Rückmeldungen und die Anerkennung sowie das Lob für die Lesung und das Projekt &#8222;2002.kommentiert&#8220;. Unser besonderer Dank gilt den Literarischen Nahversorgern rund um den leider viel zu früh von uns gegangenen Bernhard Samitz und Gerhard Stiftinger, die uns die Möglichkeit dieser Lesung gegeben haben und mit denen wir im Rahmen der Lesung und Lesungsvorbereitungen sehr gut zusammengearbeitet haben.</p>
<p>Hier gibt es den Videomitschnitt der Lesung:</p>
<p><iframe loading="lazy" src="http://www.youtube.com/embed/g3-gc6L71VE" width="480" height="360" frameborder="0" allowfullscreen="allowfullscreen"></iframe></p>
<p>Anbei noch einige Fotos von unserer Lesung:</p>

		<style type="text/css">
			#gallery-1 {
				margin: auto;
			}
			#gallery-1 .gallery-item {
				float: left;
				margin-top: 10px;
				text-align: center;
				width: 14%;
			}
			#gallery-1 img {
				border: 2px solid #cfcfcf;
			}
			#gallery-1 .gallery-caption {
				margin-left: 0;
			}
			/* see gallery_shortcode() in wp-includes/media.php */
		</style>
		<div id='gallery-1' class='gallery galleryid-28 gallery-columns-7 gallery-size-thumbnail'><dl class='gallery-item'>
			<dt class='gallery-icon portrait'>
				<a href='https://kommentiert.at/wp-content/uploads/2012/11/PICT0001.jpg'><img loading="lazy" decoding="async" width="150" height="150" src="https://kommentiert.at/wp-content/uploads/2012/11/PICT0001-150x150.jpg" class="attachment-thumbnail size-thumbnail" alt="" /></a>
			</dt></dl><dl class='gallery-item'>
			<dt class='gallery-icon portrait'>
				<a href='https://kommentiert.at/wp-content/uploads/2012/11/PICT0008.jpg'><img loading="lazy" decoding="async" width="150" height="150" src="https://kommentiert.at/wp-content/uploads/2012/11/PICT0008-150x150.jpg" class="attachment-thumbnail size-thumbnail" alt="" /></a>
			</dt></dl><dl class='gallery-item'>
			<dt class='gallery-icon landscape'>
				<a href='https://kommentiert.at/wp-content/uploads/2012/11/PICT0011.jpg'><img loading="lazy" decoding="async" width="150" height="150" src="https://kommentiert.at/wp-content/uploads/2012/11/PICT0011-150x150.jpg" class="attachment-thumbnail size-thumbnail" alt="" /></a>
			</dt></dl><dl class='gallery-item'>
			<dt class='gallery-icon portrait'>
				<a href='https://kommentiert.at/wp-content/uploads/2012/11/PICT0017.jpg'><img loading="lazy" decoding="async" width="150" height="150" src="https://kommentiert.at/wp-content/uploads/2012/11/PICT0017-150x150.jpg" class="attachment-thumbnail size-thumbnail" alt="" /></a>
			</dt></dl><dl class='gallery-item'>
			<dt class='gallery-icon portrait'>
				<a href='https://kommentiert.at/wp-content/uploads/2012/11/PICT0018.jpg'><img loading="lazy" decoding="async" width="150" height="150" src="https://kommentiert.at/wp-content/uploads/2012/11/PICT0018-150x150.jpg" class="attachment-thumbnail size-thumbnail" alt="" /></a>
			</dt></dl><dl class='gallery-item'>
			<dt class='gallery-icon landscape'>
				<a href='https://kommentiert.at/wp-content/uploads/2012/11/PICT0022.jpg'><img loading="lazy" decoding="async" width="150" height="150" src="https://kommentiert.at/wp-content/uploads/2012/11/PICT0022-150x150.jpg" class="attachment-thumbnail size-thumbnail" alt="" /></a>
			</dt></dl><dl class='gallery-item'>
			<dt class='gallery-icon landscape'>
				<a href='https://kommentiert.at/wp-content/uploads/2012/11/PICT0044.jpg'><img loading="lazy" decoding="async" width="150" height="150" src="https://kommentiert.at/wp-content/uploads/2012/11/PICT0044-150x150.jpg" class="attachment-thumbnail size-thumbnail" alt="" /></a>
			</dt></dl><br style="clear: both" />
		</div>

<h4>2002.kommentiert in Wien</h4>
<p>Wien war bei 2002.kommentiert natürlich regelmäßig ein Thema, von der Politik bis zum Fußball. Mitte Mai 2002 begab sich das Duo von 2002.kommentiert daher für ein Wochenende in die Bundeshauptstadt Wien, um die Stadt zu erkunden, Sehenswürdigkeiten zu besuchen, Eindrücke zu sammeln, die Wiener Cafehauskultur zu genießen und Bekannte zu treffen.</p>
<p>Anbei einige fotografische Eindrücke unseres Wien-Ausflugs:</p>

		<style type="text/css">
			#gallery-2 {
				margin: auto;
			}
			#gallery-2 .gallery-item {
				float: left;
				margin-top: 10px;
				text-align: center;
				width: 14%;
			}
			#gallery-2 img {
				border: 2px solid #cfcfcf;
			}
			#gallery-2 .gallery-caption {
				margin-left: 0;
			}
			/* see gallery_shortcode() in wp-includes/media.php */
		</style>
		<div id='gallery-2' class='gallery galleryid-28 gallery-columns-7 gallery-size-thumbnail'><dl class='gallery-item'>
			<dt class='gallery-icon landscape'>
				<a href='https://kommentiert.at/?attachment_id=118'><img loading="lazy" decoding="async" width="150" height="150" src="https://kommentiert.at/wp-content/uploads/2012/11/PICT0002-150x150.jpg" class="attachment-thumbnail size-thumbnail" alt="" /></a>
			</dt></dl><dl class='gallery-item'>
			<dt class='gallery-icon portrait'>
				<a href='https://kommentiert.at/?attachment_id=119'><img loading="lazy" decoding="async" width="150" height="150" src="https://kommentiert.at/wp-content/uploads/2012/11/PICT0003-150x150.jpg" class="attachment-thumbnail size-thumbnail" alt="" /></a>
			</dt></dl><dl class='gallery-item'>
			<dt class='gallery-icon landscape'>
				<a href='https://kommentiert.at/?attachment_id=120'><img loading="lazy" decoding="async" width="150" height="150" src="https://kommentiert.at/wp-content/uploads/2012/11/PICT0039-150x150.jpg" class="attachment-thumbnail size-thumbnail" alt="" /></a>
			</dt></dl><dl class='gallery-item'>
			<dt class='gallery-icon landscape'>
				<a href='https://kommentiert.at/?attachment_id=121'><img loading="lazy" decoding="async" width="150" height="150" src="https://kommentiert.at/wp-content/uploads/2012/11/PICT0064-150x150.jpg" class="attachment-thumbnail size-thumbnail" alt="" /></a>
			</dt></dl><dl class='gallery-item'>
			<dt class='gallery-icon portrait'>
				<a href='https://kommentiert.at/?attachment_id=122'><img loading="lazy" decoding="async" width="150" height="150" src="https://kommentiert.at/wp-content/uploads/2012/11/PICT0072-150x150.jpg" class="attachment-thumbnail size-thumbnail" alt="" /></a>
			</dt></dl><dl class='gallery-item'>
			<dt class='gallery-icon landscape'>
				<a href='https://kommentiert.at/?attachment_id=123'><img loading="lazy" decoding="async" width="150" height="150" src="https://kommentiert.at/wp-content/uploads/2012/11/PICT0075-150x150.jpg" class="attachment-thumbnail size-thumbnail" alt="" /></a>
			</dt></dl><dl class='gallery-item'>
			<dt class='gallery-icon portrait'>
				<a href='https://kommentiert.at/?attachment_id=124'><img loading="lazy" decoding="async" width="150" height="150" src="https://kommentiert.at/wp-content/uploads/2012/11/PICT0076-150x150.jpg" class="attachment-thumbnail size-thumbnail" alt="" /></a>
			</dt></dl><br style="clear: both" />
		</div>

<h4>Die Printausgabe</h4>
<p>Am Jahresende wurden die jeweils 52 Essays und Glossen samt einem Jahresrückblick in einer Printausgabe abgedruckt.</p>
<p><code></code></p>
<p><![if !IE]><iframe loading="lazy" src="http://docs.google.com/viewer?url=http%3A%2F%2Fkommentiert.at%2Fwp-content%2Fuploads%2F2012%2F11%2F2002kommentiert.pdf&amp;embedded=true" class="pdf" frameborder="0" style="height:960px;width:640px;border:0" width="640" height="960"></iframe><![endif]><!--[if IE]><object width="640" height="960" type="application/pdf" data="http://kommentiert.at/wp-content/uploads/2012/11/2002kommentiert.pdf" class="pdf ie">
 
<div style="width:640;height:960;text-align:center;background:#fff;color:#000;margin:0;border:0;padding:0">Unable to display PDF<br /><a href="http://kommentiert.at/wp-content/uploads/2012/11/2002kommentiert.pdf">Click here to download</a></div>
 
</object><![endif]--></p>
<p><code></code></p>

<p>Man liest sich&#8230; Ein Jahr zuvor setzten Christoph Weiermair und Andreas Lindinger die Idee um, abwechselnd jede Woche zu einem brisanten Thema in Form eines Essays Stellung zu nehmen. Das Resultat war &#8222;Essays 2001&#8220;. Als wir Ende 2001 ein 60seitiges Gesamtwerk in Händen hielten, es über zehn Mal an den Mann / die Frau brachten [&hellip;]</p>
