{"id":29,"date":"2012-11-17T10:41:38","date_gmt":"2012-11-17T09:41:38","guid":{"rendered":"http:\/\/kommentiert.at\/?page_id=29"},"modified":"2012-12-29T07:14:33","modified_gmt":"2012-12-29T06:14:33","slug":"2008-2010-kommentiert","status":"publish","type":"page","link":"https:\/\/kommentiert.at\/?page_id=29","title":{"rendered":"2008-10.kommentiert"},"content":{"rendered":"<h4>&#8222;Tausend Willkommen&#8230;&#8220;<\/h4>\n<p>Getreu dem Motto des Freien Radio B138 hie\u00dfen Christoph Weiermair und Andreas Lindinger von 2008 bis 2010 ihre H\u00f6rerInnen im Radio Willkommen und betraten damit nach Print und Online ein weiteres Medienterrain. Drei Sendungen in 2008, vier Sendungen in 2009 und drei Sendungen in 2010 standen schlussendlich zu Buche. Die Sendungen widmeten sich in unregelm\u00e4\u00dfigen Abst\u00e4nden unterschiedlichsten Themen aus den Bereichen Politik, Wirtschaft, Gesellschaft und Nachhaltigkeit. Die Musik dazu kam vorzugsweise von unserem Musikexperten Christoph Radinger.<\/p>\n<p><strong>Zum gesamten Sendungsarchiv: <a title=\"kommentiert.at\" href=\"http:\/\/radio.kommentiert.at\">2008-10.kommentiert<\/a><\/strong><\/p>\n<p>&nbsp;<\/p>\n<h4>2010.kommentiert Spezial mit Robert Misik<\/h4>\n<p>Neben den allgemeinen Sendungen, in denen ein Streifzug durch unterschiedliche politische, wirtschaftliche und andere aktuelle Themen erfolgte, f\u00fchrten wir <a title=\"Misik: \u201cWeil ich ein denkender Mensch bin\u201d (Mitschnitt) \" href=\"http:\/\/www.kommentiert.at\/radio\/?p=97\">in einem einst\u00fcndigen 2010.kommentiert Spezial im April 2010 auch ein ausf\u00fchrliches Gespr\u00e4ch mit dem Journalisten und Autor Robert Misik<\/a>, einer der gewichtigsten Stimmen der intellektuell-politischen Linken in \u00d6sterreich. Misik begr\u00fcndete nicht nur seine progressive Haltung (\u201cWeil ich ein denkender Mensch bin\u201d), sondern sprach mit uns auch \u00fcber die Bundespr\u00e4sidentenwahl, die Krise der Sozialdemokratie und die Person Robert Misik.<\/p>\n<p>&nbsp;<\/p>\n<h4>Zu guter Letzt<\/h4>\n<p>Zu guter Letzt noch die drei Sendungslogos und ein Foto der Spezialsendung mit Robert Misik.<\/p>\n\n\t\t<style type=\"text\/css\">\n\t\t\t#gallery-1 {\n\t\t\t\tmargin: auto;\n\t\t\t}\n\t\t\t#gallery-1 .gallery-item {\n\t\t\t\tfloat: left;\n\t\t\t\tmargin-top: 10px;\n\t\t\t\ttext-align: center;\n\t\t\t\twidth: 14%;\n\t\t\t}\n\t\t\t#gallery-1 img {\n\t\t\t\tborder: 2px solid #cfcfcf;\n\t\t\t}\n\t\t\t#gallery-1 .gallery-caption {\n\t\t\t\tmargin-left: 0;\n\t\t\t}\n\t\t\t\/* see gallery_shortcode() in wp-includes\/media.php *\/\n\t\t<\/style>\n\t\t<div id='gallery-1' class='gallery galleryid-29 gallery-columns-7 gallery-size-thumbnail'><dl class='gallery-item'>\n\t\t\t<dt class='gallery-icon landscape'>\n\t\t\t\t<a href='https:\/\/kommentiert.at\/wp-content\/uploads\/2012\/11\/2008kommentiert.jpg'><img loading=\"lazy\" decoding=\"async\" width=\"150\" height=\"150\" src=\"https:\/\/kommentiert.at\/wp-content\/uploads\/2012\/11\/2008kommentiert-150x150.jpg\" class=\"attachment-thumbnail size-thumbnail\" alt=\"\" \/><\/a>\n\t\t\t<\/dt><\/dl><dl class='gallery-item'>\n\t\t\t<dt class='gallery-icon landscape'>\n\t\t\t\t<a href='https:\/\/kommentiert.at\/wp-content\/uploads\/2012\/11\/2009kommentiert.png'><img loading=\"lazy\" decoding=\"async\" width=\"150\" height=\"150\" src=\"https:\/\/kommentiert.at\/wp-content\/uploads\/2012\/11\/2009kommentiert-150x150.png\" class=\"attachment-thumbnail size-thumbnail\" alt=\"\" \/><\/a>\n\t\t\t<\/dt><\/dl><dl class='gallery-item'>\n\t\t\t<dt class='gallery-icon landscape'>\n\t\t\t\t<a href='https:\/\/kommentiert.at\/wp-content\/uploads\/2012\/11\/2010kommentiert.jpg'><img loading=\"lazy\" decoding=\"async\" width=\"150\" height=\"150\" src=\"https:\/\/kommentiert.at\/wp-content\/uploads\/2012\/11\/2010kommentiert-150x150.jpg\" class=\"attachment-thumbnail size-thumbnail\" alt=\"\" \/><\/a>\n\t\t\t<\/dt><\/dl><dl class='gallery-item'>\n\t\t\t<dt class='gallery-icon landscape'>\n\t\t\t\t<a href='https:\/\/kommentiert.at\/wp-content\/uploads\/2012\/11\/2010misik.jpg'><img loading=\"lazy\" decoding=\"async\" width=\"150\" height=\"150\" src=\"https:\/\/kommentiert.at\/wp-content\/uploads\/2012\/11\/2010misik-150x150.jpg\" class=\"attachment-thumbnail size-thumbnail\" alt=\"\" \/><\/a>\n\t\t\t<\/dt><\/dl>\n\t\t\t<br style='clear: both' \/>\n\t\t<\/div>\n\n","protected":false},"excerpt":{"rendered":"<p>&#8222;Tausend Willkommen&#8230;&#8220; Getreu dem Motto des Freien Radio B138 hie\u00dfen Christoph Weiermair und Andreas Lindinger von 2008 bis 2010 ihre H\u00f6rerInnen im Radio Willkommen und betraten damit nach Print und Online ein weiteres Medienterrain. Drei Sendungen in 2008, vier Sendungen in 2009 und drei Sendungen in 2010 standen schlussendlich zu Buche. Die Sendungen widmeten sich [&hellip;]<\/p>\n","protected":false},"author":1,"featured_media":0,"parent":12,"menu_order":1,"comment_status":"open","ping_status":"open","template":"","meta":{"footnotes":""},"class_list":["post-29","page","type-page","status-publish","hentry"],"_links":{"self":[{"href":"https:\/\/kommentiert.at\/index.php?rest_route=\/wp\/v2\/pages\/29","targetHints":{"allow":["GET"]}}],"collection":[{"href":"https:\/\/kommentiert.at\/index.php?rest_route=\/wp\/v2\/pages"}],"about":[{"href":"https:\/\/kommentiert.at\/index.php?rest_route=\/wp\/v2\/types\/page"}],"author":[{"embeddable":true,"href":"https:\/\/kommentiert.at\/index.php?rest_route=\/wp\/v2\/users\/1"}],"replies":[{"embeddable":true,"href":"https:\/\/kommentiert.at\/index.php?rest_route=%2Fwp%2Fv2%2Fcomments&post=29"}],"version-history":[{"count":4,"href":"https:\/\/kommentiert.at\/index.php?rest_route=\/wp\/v2\/pages\/29\/revisions"}],"predecessor-version":[{"id":36,"href":"https:\/\/kommentiert.at\/index.php?rest_route=\/wp\/v2\/pages\/29\/revisions\/36"}],"up":[{"embeddable":true,"href":"https:\/\/kommentiert.at\/index.php?rest_route=\/wp\/v2\/pages\/12"}],"wp:attachment":[{"href":"https:\/\/kommentiert.at\/index.php?rest_route=%2Fwp%2Fv2%2Fmedia&parent=29"}],"curies":[{"name":"wp","href":"https:\/\/api.w.org\/{rel}","templated":true}]}}